e w(-7). Suppose -24 - s = -5*z. Is j(z) prime?
True
Suppose 14 = 2*m - 572. Is m a prime number?
True
Let w be (-51)/(-18) - 2/(-12). Suppose -9 - w = f. Is (f/(-9) + -2)*-57 composite?
True
Let l be -2 + (-1 - 1*27). Let u = 51 + l. Is u a prime number?
False
Suppose 5*v - 10 = 0, 0 = 3*z + 2*z + 2*v + 26. Is (39/(-5))/(z/30) prime?
False
Suppose -5*d - 4*z - z + 40 = 0, 3*d + 4*z = 29. Suppose -2*h + 3*v = -172, -5*v + 95 = d*h - 182. Is h a composite number?
False
Suppose 5*t = -3*h - 86, -h - 4*t - 55 = -17. Let k = 101 + h. Is k a composite number?
False
Suppose 2*a = 6*a - h + 1355, 2*h = -a - 350. Is a/(-3) - (-1)/(-3) prime?
True
Let c(r) = 272*r - 9. Is c(7) a prime number?
False
Suppose -324 = -3*m + 48. Suppose 5*c - c = -m. Let x = 34 - c. Is x prime?
False
Let i(d) = d**2 + 3*d - 2. Let r be i(-5). Suppose 2*u + r = 18. Suppose 31 = u*x - 4*x. Is x a composite number?
False
Let l be (-12)/(-15)*10/(-4). Let w = 1 - l. Suppose -2*v + 165 = w*v. Is v a prime number?
False
Let g(t) = -t**3 + 6*t**2 + 2*t - 4. Is g(5) a prime number?
True
Let y(w) = -4*w**2 + 2*w - 1. Let z be y(1). Is (2 + 165/z)/(-1) composite?
False
Let m(k) = -k**2 + 5*k - 1. Let d be m(6). Let u(q) = -38*q - 15. Is u(d) a composite number?
False
Suppose 0 = -4*y - 4, -4*y = 3*x - 3*y - 167. Suppose 0 = 4*q + 4*b - x, -5*q + b = -0*q - 76. Suppose -h + q = -22. Is h a composite number?
False
Let w be -6*4*2/8. Is w/3*(-382)/4 a prime number?
True
Suppose 2*i + i + 5*n = 2839, 3808 = 4*i + n. Is i composite?
False
Suppose 0*l - 10 = 5*l. Is 6/(-4)*l + 146 composite?
False
Suppose -2*g = 2*c - 3*c - 2, 5*c - 20 = -5*g. Suppose -m + 652 = 4*u, -c*m = 3*u - 4*m - 489. Is u a composite number?
False
Let w be 2 + 2 + 3 - 2. Let c(k) = 5*k**2 - 4*k + 1. Is c(w) a composite number?
True
Let u(j) = j**3 - 2*j**2 + j. Let v be u(2). Suppose 9 = 3*w + q - 4*q, -4*q = 12. Suppose -v*l - 2*l + 5*k + 1588 = w, 0 = 4*l + k - 1588. Is l composite?
False
Suppose 3*p + 2 = -22. Let z(n) = n**2 - 2*n + 7. Is z(p) a prime number?
False
Let j be 2/8 + 222/8. Let s = j + -5. Is s composite?
False
Suppose 6*g - 20 = g. Suppose -x - 10 = -5*h - 6*x, g = 2*h - 3*x. Let f(y) = 25*y - 3. Is f(h) composite?
False
Let d = -30 - -21. Let s(n) = -51*n - 14. Is s(d) a prime number?
False
Let s(l) = -l - 7. Let b be s(-6). Is b + -1*(-2 + -112) prime?
True
Suppose 2*u - 50 = -3*w, 6*u - 5*u + 4*w - 15 = 0. Is u a composite number?
False
Suppose w - 610 = -5*q + 344, 0 = 5*q - 3*w - 958. Is q prime?
True
Let u(i) = -209*i + 1. Is u(-2) prime?
True
Let y(s) = -33*s - 10. Suppose -t + 2 = 7. Is y(t) prime?
False
Let y(k) = -k - 1. Let z be y(-5). Suppose 0*t - t + 374 = -w, 0 = 5*t - z*w - 1869. Is t prime?
True
Let y(f) = f - 4. Let g be y(4). Suppose 0 = -o + 3 - 1. Suppose g*n - 52 = -o*n. Is n a prime number?
False
Is (-4 + 0 - -490) + -1 prime?
False
Is (-2 - 0)*-151 + -3 a prime number?
False
Let i = 7 - 9. Is i/6 + 92/6 composite?
True
Suppose 3*y = 3*j - 26 + 8, -y = -5*j + 14. Is -2 - (-338 - (j - 3)) prime?
False
Suppose 5*x - 167 = 78. Is x a composite number?
True
Let z = -5 + 8. Let u = z - 1. Suppose 6*v = u*v + 148. Is v prime?
True
Let n(o) = -2 + o**3 + o + 3 + 4. Let p be n(0). Suppose 0 = -2*w - p*u + 36 - 7, -4*u = 3*w - 54. Is w a prime number?
False
Let u(p) = 90*p + 1. Let o be u(1). Suppose 3*f - o = 110. Let s = -48 + f. Is s prime?
True
Let t = -19 - 10. Let p = t + -13. Let r = p - -64. Is r a composite number?
True
Let t(q) = -13*q + 5. Suppose h + 14 = -2*s, s - 29 = 2*s - 5*h. Let p be t(s). Is 1/2*-2 + p prime?
False
Let h(z) = -z**3 - z**2 + z + 145. Suppose -5*b = -4*g + 4, -2*b = -7*b + 5*g - 5. Is h(b) prime?
False
Let m = -2449 - -4250. Is m prime?
True
Let f(g) = -63*g**2 + 4*g + 2. Let s be f(-3). Let k be s/(-5) + 6/10. Is 6 + 3 + -6 + k a prime number?
False
Let q(w) = w**2 + 4*w + 2. Is q(-11) a composite number?
False
Let o(n) = -n**3 + 9*n**2 - 7*n + 10. Let b be o(7). Suppose -h = -x - 8, 6*x = 2*x + h - 44. Let g = b + x. Is g prime?
True
Suppose -2 = -2*n + 10. Suppose d + 230 = n*d. Suppose 4*p = 5*t - 75 - 11, 3*t = p + d. Is t prime?
False
Let b(r) = 480*r**3 + 2*r**2 - 1. Let t be b(1). Let p = -99 + t. Is p a composite number?
True
Suppose -8*b + 3*b + 2235 = 0. Is b prime?
False
Let w(m) = -148*m**3 + 1 - m + m - 2*m**2 + 0*m. Let i be w(1). Is -2 - (i - (-4)/(-2)) prime?
True
Let c(a) be the third derivative of 3*a**4/8 - 5*a**3/6 - 3*a**2. Is c(4) prime?
True
Is 2 - 0 - -1 - -56 a prime number?
True
Let b be 11/3 - 7/(-21). Suppose -b*q + 6 = -2*q. Is q a composite number?
False
Let z(q) = -q**2 + 24*q - 26. Is z(21) a prime number?
True
Suppose -y - 25 = -0*y. Let h = y + 78. Is h a composite number?
False
Let g be 66/3*1/2. Is ((-1)/3)/(g/(-1749)) prime?
True
Suppose 3*w - 4 = 8. Suppose w*d - 2*d = 20. Is d composite?
True
Let r = -5 + 3. Let p be 5 - (-1 - 1)/r. Suppose 4*y = 8, 0 = p*x - 4*y - y - 126. Is x prime?
False
Let q be (2/(-6))/((-7)/(-21)). Let h(r) = 49*r**2. Is h(q) a prime number?
False
Let v = -153 + 272. Is v a prime number?
False
Let k(o) = -o**3 + 7*o**2 - 3*o + 16. Let x be k(11). Let r = 722 + x. Is r a composite number?
True
Let k be 2 + (-1 + 3)*-1. Suppose 3*b - 11 - 10 = k. Suppose -148 = -b*f + 3*f. Is f a prime number?
True
Let q(b) = -38*b + 1. Is q(-2) prime?
False
Let u = 63 - 19. Suppose 5*g - 813 = r, u = 3*g + 3*r - 451. Let m = 254 - g. Is m prime?
False
Let k = -11 + 17. Let b(u) = 53*u - 11. Is b(k) composite?
False
Let l(t) = t**3 + 20*t**2 + 36*t + 3. Is l(-18) a composite number?
False
Let j(c) = 247*c - 3. Is j(2) a prime number?
True
Let r(y) = 2*y - 12. Let m be r(8). Let o = m + 1. Suppose 0*p - o*p + 295 = 0. Is p a prime number?
True
Let y = -572 - -1257. Is y a composite number?
True
Is 2*(-5)/10 + 119 prime?
False
Suppose -182 - 9009 = -5*q + 4*f, -4*q = -f - 7355. Is q a composite number?
True
Suppose -5*a + 66 = 1. Let l(k) = -15*k + 4. Let j(x) = 31*x - 8. Let f(v) = a*l(v) + 6*j(v). Is f(-7) a prime number?
True
Let l(z) = -8*z - 4. Let m = 6 + -11. Let s be l(m). Suppose 0 = -4*f + t + 42, -4*f + s = 4*t + 4. Is f prime?
False
Let u = 8 - -6. Let n = -4 + u. Is n prime?
False
Let l = 336 - -197. Is l a composite number?
True
Let v(c) = -37*c + 1. Let n be v(-1). Suppose 5*y - 7*y = -n. Is y prime?
True
Let l = 53 - -240. Is l prime?
True
Let v = 1056 - 2158. Let z = 757 + v. Let y = z - -556. Is y a prime number?
True
Let x(l) = 2*l - 15. Let o(b) be the third derivative of b**4/24 - 8*b**3/3 + b**2. Let f(s) = -6*o(s) + 7*x(s). Is f(8) prime?
False
Let m = -3 + -23. Suppose 4*p = 3*p. Let c = p - m. Is c prime?
False
Suppose 2*s - 543 = 119. Is s composite?
False
Suppose -17*y + 11*y = -6294. Is y prime?
True
Suppose -101 + 1753 = 4*i. Is i prime?
False
Let b(w) = -46*w - 3. Let y be b(3). Let d = 268 + y. Is d a prime number?
True
Is (0 - 3)*(-491)/3 prime?
True
Suppose -2*i - 56 + 212 = -2*s, i = -4*s + 103. Suppose 2*z - 2*p = 74, -z - z + 5*p + i = 0. Is z composite?
True
Suppose -2*j = 2*z - 2724, -3*j - 2*z = -0*j - 4085. Is j prime?
True
Let n(y) be the second derivative of 16*y**3/3 - 2*y**2 - 3*y. Let m be n(4). Suppose -3*s = -23 - m. Is s a prime number?
False
Is ((-946)/44)/(2/(-68)) prime?
False
Let x = 41 - -21. Suppose -4*y - 3*a - a = -60, 4*y - x = -5*a. Suppose 2*b = b + y. Is b a prime number?
True
Suppose v - 5*v = -728. Suppose h = -53 + v. Suppose -d + h = 4*n + 2*d, 5*n - 3*d - 168 = 0. Is n a composite number?
True
Is (8/6 - 2)/(32/(-64176)) prime?
False
Let j(x) = 2*x. Let v be j(6). Is 402/v - 2/4 a composite number?
True
Let q be (-4)/6 + (-2)/(-3). Let j(z) = z**2 + z + 69. Is j(q) a composite number?
True
Suppose 1 + 3 = 2*m. Is 1/((6/m)/12) prime?
False
Let n(h) = h**2 - 7*h + 9. Let b(r) = -r**2 - 7*r - 4. Let u be b(-5). Let x be n(u). Suppose x*f = 2*f + 85. Is f a prime number?
False
Suppose -5*j = -0*j - o - 2133, 0 = -2*j - 4*o + 862. Is j composite?
True
Let r = 4730 - 2757. Is r a composite number?
False
Let l = -4 - -85. Let p = 388 - l. Is p prime?
True
Let x(v) = -2*v + 8. Let i be x(6). Let r be (5/2)/((-2)/i). Suppose 88 = -s + r*s. Is s a prime number?
False
Let q be ((-450)/(-27))/((-4)/(-6)). Is 1636/10 + (-15)/q a composite number?
False
